{"id":1136,"date":"2024-12-06T11:24:08","date_gmt":"2024-12-06T14:24:08","guid":{"rendered":"https:\/\/acquah2.com.br\/?post_type=product&#038;p=1136"},"modified":"2025-05-13T09:02:28","modified_gmt":"2025-05-13T12:02:28","slug":"kit-completo-equalizacao-e-estabilizacao","status":"publish","type":"product","link":"https:\/\/acquah2.com.br\/index.php\/produto\/kit-completo-equalizacao-e-estabilizacao\/","title":{"rendered":"AcquaGuard"},"content":{"rendered":"<p>Transforme a qualidade da sua \u00e1gua com o <strong>AcquaGuard &#8211; Equaliza\u00e7\u00e3o e Estabiliza\u00e7\u00e3o<\/strong>! Desenvolvido com tecnologias avan\u00e7adas, este kit oferece uma solu\u00e7\u00e3o completa para garantir \u00e1gua saud\u00e1vel e revitalizante em sua casa.<\/p>\n<h3>Benef\u00edcios do AcquaGuard:<\/h3>\n<p><strong>O primeiro do mercado a produzir hidrog\u00eanio molecular natural, sem necessidade de eletr\u00f3lise!!!<\/strong><\/p>\n<ul>\n<li><strong>Estabiliza\u00e7\u00e3o:<\/strong> Equaliza a \u00e1gua, tornando-a mais leve e equilibrada para o consumo di\u00e1rio.<\/li>\n<li><strong>Ioniza\u00e7\u00e3o e Hidrogena\u00e7\u00e3o:<\/strong> Enriquecida com hidrog\u00eanio molecular, ajuda a combater radicais livres.<\/li>\n<li><strong>Alcalinidade Natural:<\/strong> Ajusta o pH da \u00e1gua, promovendo benef\u00edcios para sua sa\u00fade.<\/li>\n<li><strong>Purifica\u00e7\u00e3o Avan\u00e7ada:<\/strong> Remove impurezas, odores e sabores indesejados.<\/li>\n<li><strong>Potencial Redutor de Oxida\u00e7\u00e3o (PRAL):<\/strong> Reduz a carga oxidativa com PRAL negativo, ideal para quem busca um estilo de vida mais saud\u00e1vel.<\/li>\n<\/ul>\n<h3>Composi\u00e7\u00e3o:<\/h3>\n<p>O kit \u00e9 composto por duas velas Equalizadoras, duas boias de controle de n\u00edvel, 1 Estabilizador.<\/p>\n<h3>Indica\u00e7\u00e3o:<\/h3>\n<p>Perfeito para fam\u00edlias que buscam melhorar a sa\u00fade e bem-estar atrav\u00e9s de uma \u00e1gua de qualidade superior, rica em propriedades ben\u00e9ficas e alinhada aos cuidados di\u00e1rios.<\/p>\n<p><strong>Adquira agora e experimente a diferen\u00e7a!<\/strong><\/p>\n","protected":false},"excerpt":{"rendered":"<p>Kit Completo &#8211; Equaliza\u00e7\u00e3o e Estabiliza\u00e7\u00e3o<\/p>\n<p>Transforme a qualidade da sua \u00e1gua com o <strong>Kit Completo &#8211; Equaliza\u00e7\u00e3o e Estabiliza\u00e7\u00e3o<\/strong>! Desenvolvido com tecnologias avan\u00e7adas, este kit oferece uma solu\u00e7\u00e3o completa para garantir \u00e1gua saud\u00e1vel e revitalizante em sua casa.<\/p>\n","protected":false},"featured_media":1129,"comment_status":"open","ping_status":"closed","template":"","meta":[],"product_brand":[],"product_cat":[20],"product_tag":[],"class_list":{"0":"post-1136","1":"product","2":"type-product","3":"status-publish","4":"has-post-thumbnail","6":"product_cat-sem-categoria","7":"product_shipping_class-envio","9":"first","10":"instock","11":"shipping-taxable","12":"purchasable","13":"product-type-simple"},"_links":{"self":[{"href":"https:\/\/acquah2.com.br\/index.php\/wp-json\/wp\/v2\/product\/1136","targetHints":{"allow":["GET"]}}],"collection":[{"href":"https:\/\/acquah2.com.br\/index.php\/wp-json\/wp\/v2\/product"}],"about":[{"href":"https:\/\/acquah2.com.br\/index.php\/wp-json\/wp\/v2\/types\/product"}],"replies":[{"embeddable":true,"href":"https:\/\/acquah2.com.br\/index.php\/wp-json\/wp\/v2\/comments?post=1136"}],"wp:featuredmedia":[{"embeddable":true,"href":"https:\/\/acquah2.com.br\/index.php\/wp-json\/wp\/v2\/media\/1129"}],"wp:attachment":[{"href":"https:\/\/acquah2.com.br\/index.php\/wp-json\/wp\/v2\/media?parent=1136"}],"wp:term":[{"taxonomy":"product_brand","embeddable":true,"href":"https:\/\/acquah2.com.br\/index.php\/wp-json\/wp\/v2\/product_brand?post=1136"},{"taxonomy":"product_cat","embeddable":true,"href":"https:\/\/acquah2.com.br\/index.php\/wp-json\/wp\/v2\/product_cat?post=1136"},{"taxonomy":"product_tag","embeddable":true,"href":"https:\/\/acquah2.com.br\/index.php\/wp-json\/wp\/v2\/product_tag?post=1136"}],"curies":[{"name":"wp","href":"https:\/\/api.w.org\/{rel}","templated":true}]}}